hen 252 is divided by 32?
28
What is the remainder when 353 is divided by 40?
33
What is the remainder when 3336 is divided by 11?
3
What is the remainder when 817 is divided by 253?
58
What is the remainder when 201 is divided by 19?
11
Calculate the remainder when 359 is divided by 95.
74
What is the remainder when 1557 is divided by 82?
81
What is the remainder when 262 is divided by 166?
96
Calculate the remainder when 2680 is divided by 224.
216
What is the remainder when 933 is divided by 106?
85
Calculate the remainder when 1487 is divided by 12.
11
What is the remainder when 18813 is divided by 46?
45
Calculate the remainder when 599 is divided by 43.
40
Calculate the remainder when 575 is divided by 118.
103
What is the remainder when 223 is divided by 71?
10
What is the remainder when 369 is divided by 80?
49
What is the remainder when 10184 is divided by 11?
9
What is the remainder when 151 is divided by 42?
25
What is the remainder when 161 is divided by 41?
38
Calculate the remainder when 325 is divided by 3.
1
Calculate the remainder when 223 is divided by 28.
27
Calculate the remainder when 10917 is divided by 78.
75
Calculate the remainder when 3265 is divided by 19.
16
What is the remainder when 1005 is divided by 126?
123
What is the remainder when 151 is divided by 40?
31
What is the remainder when 149 is divided by 14?
9
What is the remainder when 90 is divided by 19?
14
Calculate the remainder when 102 is divided by 5.
2
Calculate the remainder when 473 is divided by 79.
78
What is the remainder when 5278 is divided by 20?
18
Calculate the remainder when 597 is divided by 43.
38
What is the remainder when 335 is divided by 34?
29
What is the remainder when 59 is divided by 16?
11
What is the remainder when 23 is divided by 9?
5
Calculate the remainder when 21118 is divided by 20.
18
What is the remainder when 93 is divided by 33?
27
What is the remainder when 302 is divided by 144?
14
What is the remainder when 5371 is divided by 25?
21
What is the remainder when 73 is divided by 38?
35
What is the remainder when 452 is divided by 155?
142
Calculate the remainder when 58 is divided by 32.
26
Calculate the remainder when 342 is divided by 69.
66
Calculate the remainder when 303 is divided by 76.
75
What is the remainder when 298 is divided by 101?
96
What is the remainder when 2902 is divided by 83?
80
Calculate the remainder when 538 is divided by 45.
43
What is the remainder when 6207 is divided by 23?
20
Calculate the remainder when 1949 is divided by 13.
12
What is the remainder when 131 is divided by 44?
43
What is the remainder when 171 is divided by 25?
21
Calculate the remainder when 295 is divided by 169.
126
Calculate the remainder when 224 is divided by 59.
47
Calculate the remainder when 96 is divided by 40.
16
Calculate the remainder when 798 is divided by 37.
21
What is the remainder when 1403 is divided by 104?
51
Calculate the remainder when 505 is divided by 23.
22
Calculate the remainder when 241 is divided by 66.
43
What is the remainder when 4322 is divided by 6?
2
What is the remainder when 2300 is divided by 144?
140
What is the remainder when 16035 is divided by 99?
96
What is the remainder when 924 is divided by 31?
25
What is the remainder when 155 is divided by 20?
15
Calculate the remainder when 1605 is divided by 12.
9
What is the remainder when 642 is divided by 211?
9
Calculate the remainder when 905 is divided by 291.
32
Calculate the remainder when 79 is divided by 46.
33
What is the remainder when 4062 is divided by 8?
6
Calculate the remainder when 831 is divided by 24.
15
What is the remainder when 46 is divided by 12?
10
Calculate the remainder when 3719 is divided by 20.
19
What is the remainder when 222 is divided by 8?
6
Calculate the remainder when 373 is divided by 14.
9
What is the remainder when 368 is divided by 107?
47
What is the remainder when 31 is divided by 11?
9
Calculate the remainder when 177 is divided by 36.
33
Calculate the remainder when 31 is divided by 10.
1
What is the remainder when 94 is divided by 21?
10
Calculate the remainder when 214 is divided by 18.
16
Calculate the remainder when 338 is divided by 20.
18
What is the remainder when 4681 is divided by 779?
7
What is the remainder when 2393 is divided by 15?
8
Calculate the remainder when 13118 is divided by 160.
158
Calculate the remainder when 429 is divided by 108.
105
What is the remainder when 140 is divided by 112?
28
Calculate the remainder when 689 is divided by 69.
68
Calculate the remainder when 875 is divided by 110.
105
What is the remainder when 142 is divided by 50?
42
What is the remainder when 1368 is divided by 340?
8
What is the remainder when 2218 is divided by 58?
14
What is the remainder when 60 is divided by 17?
9
Calculate the remainder when 321 is divided by 107.
0
Calculate the remainder when 20 is divided by 13.
7
Calculate the remainder when 263 is divided by 105.
53
What is the remainder when 1877 is divided by 47?
44
What is the remainder when 384 is divided by 81?
60
Calculate the remainder when 111 is divided by 28.
27
Calculate the remainder when 503 is divided by 27.
17
What is the remainder when 215 is divided by 31?
29
Calculate the remainder when 43 is divided by 14.
1
What is the remainder when 321 is divided by 19?
17
Calculate the remainder when 61 is divided by 28.
5
What is the remainder when 564 is divided by 142?
138
Calculate the remainder when 286 is divided by 6.
4
Calculate the remainder when 65 is divided by 16.
1
What is the remainder when 739 is divided by 26?
11
Calculate the remainder when 44 is divided by 37.
7
Calculate the remainder when 215 is divided by 11.
6
What is the remainder when 1286 is divided by 200?
86
Calculate the remainder when 1003 is divided by 24.
19
Calculate the remainder when 1778 is divided by 350.
28
Calculate the remainder when 73 is divided by 22.
7
Calculate the remainder when 10456 is divided by 42.
40
What is the remainder when 2648 is divided by 139?
7
Calculate the remainder when 1465 is divided by 147.
142
Calculate the remainder when 345 is divided by 13.
7
Calculate the remainder when 3335 is divided by 63.
59
Calculate the remainder when 75 is divided by 28.
19
What is the remainder when 18 is divided by 4?
2
What is the remainder when 55 is divided by 53?
2
What is the remainder when 736 is divided by 82?
80
What is the remainder when 2719 is divided by 903?
10
What is the remainder when 759 is divided by 50?
9
Calculate the remainder when 169 is divided by 97.
72
What is the remainder when 98 is divided by 20?
18
Calculate the remainder when 35 is divided by 28.
7
What is the remainder when 102 is divided by 21?
18
What is the remainder when 73 is divided by 25?
23
Calculate the remainder when 361 is divided by 113.
22
What is the remainder when 157 is divided by 22?
3
What is the remainder when 161 is divided by 54?
53
What is the remainder when 125 is divided by 21?
20
Calculate the remainder when 4194 is divided by 19.
14
What is the remainder when 844 is divided by 170?
164
Calculate the remainder when 127 is divided by 115.
12
Calculate the remainder when 631 is divided by 213.
205
What is the remainder when 176 is divided by 65?
46
What is the remainder when 203 is divided by 99?
5
Calculate the remainder when 7174 is divided by 46.
44
What is the remainder when 1800 is divided by 441?
36
Calculate the remainder when 41 is divided by 17.
7
Calculate the remainder when 43 is divided by 9.
7
Calculate the remainder when 449 is divided by 62.
15
Calculate the remainder when 7155 is divided by 30.
15
What is the remainder when 4444 is divided by 247?
245
Calculate the remainder when 343 is divided by 35.
28
What is the remainder when 57 is divided by 46?
11
What is the remainder when 3824 is divided by 78?
2
Calculate the remainder when 138 is divided by 25.
13
What is the remainder when 4510 is divided by 8?
6
Calculate the remainder when 3363 is divided by 835.
23
What is the remainder when 165 is divided by 32?
5
What is the remainder when 357 is divided by 318?
39
What is the remainder when 103 is divided by 5?
3
What is the remainder when 225 is divided by 121?
104
What is the remainder when 44 is divided by